-k**3 + 18*k**2 - 32*k - 6. Determine u(z).
-6
Suppose -13*s + s + 11*s - 2 = 0. Let q(f) be the first derivative of -f**4/2 - f**3 - f**2/2 + f + 2. What is q(s)?
7
Let w = 588 - 588. Let k(b) = 3*b - 7*b + w*b - 43 - 3*b + b**2 - 5*b. Calculate k(15).
2
Suppose -k + 24*y - 21*y = -12, -3*k + 2*y = -15. Let l(d) = 25*d**3 - 14 - 8 - 8*d**k - 16*d**3. Give l(0).
-22
Suppose -6*w = w + 14. Let x be -2*((-21)/63 - w/(-3)). Let f(p) = -p**2 + 2*p**2 + 4*p - p**2 + 2 + p**x. Give f(-4).
2
Let p = -3 + 12. Let k(x) = 2*x**2 - 5*x**2 + p + 2*x**2 - 6*x. Suppose 5*w + 109 = -z + 92, 2*z + 2*w = -18. Determine k(z).
2
Let s(d) = -5*d**2 + 30*d - 5. Let p(x) = 5*x**2 - 21*x + 5. Let t(r) = -4*p(r) - 3*s(r). What is t(-1)?
-4
Let b(l) = l + 2. Let i(j) = 4*j + 27. Let w be i(0). Suppose w = 6*z + 75. What is b(z)?
-6
Suppose 3*h = 5*k - k - 17, 5*h = 5*k - 35. Let l be 0/(12/(-48) + h/4). Let o(z) = -z**2 - z + 10. Give o(l).
10
Let n = 109 - 113. Let g(a) = 1 - 13*a**2 + 1 - 3*a - 4 + 11*a**2. What is g(n)?
-22
Let q(y) = -3*y - 6*y**2 + 5*y - 117 + 9*y + 104 + 5*y**2. Calculate q(12).
-25
Let p be 3/(-21) - 1155/(-539). Let r(l) be the third derivative of l**5/60 - l**4/12 - l**3/3 + 9*l**2. Calculate r(p).
-2
Suppose 3*s - 4 = 11. Let m be (-7)/(63/(-30)) - (-2)/3. Let l(n) = 0*n - 178 - 4*n**2 + n**3 - m*n + 182. Calculate l(s).
9
Let j(p) = -58*p + 6631. Let v be j(114). Let q(r) be the second derivative of -v*r - 1/12*r**4 - 1/2*r**2 + 0 - 1/3*r**3. Give q(2).
-9
Suppose -67*a + 9*a + 119 = -287. Let s(q) = -7*q + 11*q + 2*q - 2 + 6*q**2 + q**3 - 14*q**2. Determine s(a).
-9
Let z(k) be the third derivative of k**5/20 + 3*k**4/2 + 3*k**3 - 2*k**2 - 2*k + 755. Determine z(-10).
-42
Let h(p) = p - 13. Let n(q) be the third derivative of 7*q**5/30 + q**4/12 + q**3/6 + 248*q**2. Let r be n(-1). What is h(r)?
0
Let o(r) = -r**2 - 8*r + 36. Let a be 1*(132/352 - 273/24). Calculate o(a).
3
Let w(i) = -i**3 + i**2 + i - 18. Let h(d) = d**3 - 13*d**2 + 39*d - 7. Let u be h(6). Let a(r) = 5*r. Let c be a(-5). Let o = u - c. Calculate w(o).
-18
Suppose -24*i = 8*i. Let v(z) = -z**2 - 14*z - 41. Calculate v(i).
-41
Let l(u) = -5*u - 21. Let c be 140/(-32) + 4 + 691/8. Let y = -91 + c. Let p be l(y). Let d(i) = -i - 2. Give d(p).
-6
Let p(r) = 4*r - 9. Let v(n) = 3*n - 10. Let s(f) = 2*p(f) - 3*v(f). Let k = -1921 + 1928. Determine s(k).
5
Let f(y) = y**3 - 11*y - 2 + 27*y + 6 - 11*y + 6*y**2. Let k be (-1)/(-6) - 177/(-18). Let n be (-6)/(-10)*k/2*-1. Determine f(n).
16
Let m(s) be the second derivative of -s**4/3 + 5*s**3/3 + 9*s**2/2 + 25*s + 2. Let j(b) = -2*b**2 + 4*b + 4. Let k(h) = 5*j(h) - 2*m(h). Calculate k(-2).
-6
Let w = 4 - -24. Let o(f) = -f - 16. Let s be o(-12). Let a be (8/w - s/(-14)) + 0. Let q(l) = -l**2 + l + 13. Determine q(a).
13
Let t(a) = a**3 - 6*a**2 + 10. Let l(g) be the first derivative of -5*g**2/2 - 94*g + 46. Let h be l(-20). Determine t(h).
10
Let b = -18 - -25. Suppose 4*y - 3*m = 21, 0 = 4*y - 3*m + m - 18. Let c(g) = g + 1. Let w(a) = -a**2 + 9*a + 10. Let u(x) = y*c(x) - w(x). Give u(b).
0
Let n(u) = 2*u**2 + 6*u + 6. Let g = 344 - 344. Let z be n(g). Let q(d) = 3*d - 2 - 2*d + 7 - d**3 + 6*d**2. Give q(z).
11
Suppose f = -f - 0*f. Suppose f = 4*j + 16, g - 5*j - 25 + 4 = 0. Let p(t) = -g + 0*t + 3 + 2*t + 0. Give p(3).
8
Let z(y) = 13*y**3 + 3*y**2 - 24*y + 7. Let k(j) = 8*j + 3*j + 13 - 15 - 3*j**3 - 5*j. Let q(s) = 9*k(s) + 2*z(s). Calculate q(7).
-11
Let y(b) be the third derivative of b + 5/24*b**4 + 1/60*b**5 + 0 - 8*b**2 + 1/2*b**3. Calculate y(-3).
-3
Let y = -621 - -627. Let s(r) = -r**2 + 3*r + 19. Calculate s(y).
1
Let g(m) = 62*m**2 - 5. Let z(f) = -177*f**2 - 2*f + 16. Let s(y) = -17*g(y) - 6*z(y). Give s(1).
9
Let j(b) = b**3 - 6*b**2 + b - 3. Suppose 3*k + 5*c = -957, -c - 380 - 1237 = 5*k. Let z = -318 - k. What is j(z)?
3
Let j(i) be the third derivative of i**5/30 - i**4/6 - i**3/6 + 4008*i**2. Let y(c) = -c - 1. Let g be y(-3). Suppose 0 = k - g - 1. What is j(k)?
5
Let u = -50 + -7. Let z = -54 - u. Suppose -2*l = 3*l + 15, 2*c + 7 = -z*l. Let x(j) = 4*j + 1. Calculate x(c).
5
Let u(q) = -9*q**3 - 16*q**2 - 5*q - 14. Let o(a) = -5*a**3 - 8*a**2 - 3*a - 7. Let r(f) = -11*o(f) + 6*u(f). Let w = -1274 + 1282. Calculate r(w).
17
Let n(y) be the third derivative of y**5/60 - 3*y**4/8 + 2*y**3/3 + 62*y**2. Suppose -2 - 38 = -8*b. Let s(h) = -h**2 + 5*h + 8. Let v be s(b). Calculate n(v).
-4
Let t(v) = -6*v - 3. Let d(m) = m**3 - 24*m**2 + 12*m - 924. Let g be d(25). Determine t(g).
-9
Let z be (-51)/(-15) - (7 - 4/(-10)*-19). Let q(d) be the third derivative of 0*d - 1/6*d**3 - 1/60*d**5 + 1/24*d**4 + 0 + 2*d**2. Determine q(z).
-13
Suppose 15 = 2*o + 13. Let r be (-192)/88 - -2*o/11. Let k(z) = z**2 - z + 1. Let p(j) = -13*j**2 + 2*j - 8. Let a(g) = -6*k(g) - p(g). Determine a(r).
22
Let q(u) = -u + 2. Let z(b) = 55*b + 1767. Let t be z(-32). Suppose 6 = -2*k, -40 = -4*y - 4*k - 0. Let a = y - t. What is q(a)?
-4
Let s = 11031 + -11005. Let w(f) be the second derivative of 0 - s*f - 3/2*f**2 - 1/6*f**3. Calculate w(9).
-12
Let h(q) = 282222*q + 30*q**2 - 282220*q + 21*q**2 - 17*q**2 - 3. Determine h(1).
33
Let c(w) be the second derivative of -w**3/2 + 5*w**2/2 - 15*w. Let s(a) = 49*a + a**3 - 26*a - 1 - 38*a + 5*a**2. Let f be s(-7). What is c(f)?
-13
Let h be 190 - (-7 - (-4)/1). Let s = h + -191. Let d(o) = 13*o - 2. Determine d(s).
24
Suppose 5*q - 29 + 24 = 0. Let s(m) = -q + 12*m**2 + 16*m**2 + 13*m**2 - 2*m - 35*m**2. Give s(-1).
7
Let z(w) = 16*w**2 + 18*w - 541. Let k(m) = 21*m**2 + 30*m - 541. Let r(g) = 3*k(g) - 4*z(g). Give r(-16).
-3
Let r(b) = 769 - 388 - b - 383. Let y be (3/(-6))/(2/(-8)). Suppose -2 + 16 = -y*i. What is r(i)?
5
Suppose -5*p = w - 16850 - 57084, 0 = 3*w + 2*p - 221854. Let h(l) = 0*l + l - w + 73954 - l**2. Determine h(3).
-6
Let o(s) = s**3 - 4*s**2 - s + 3. Let t be 316/(3*12/9). Let q = t + -75. What is o(q)?
-1
Let i(u) = -2 - 268*u + 546*u - 281*u - 22. Give i(-7).
-3
Let l(v) = -v - 5. Let g(r) = -r**3 - 6*r**2 + 7*r + 6. Let s be g(-6). Let m(z) = z**2 - 15*z + 6. Let c be m(3). Let b = s - c. What is l(b)?
1
Let u(z) = z - 1. Suppose -3*b - 2*l = 120, 4*l = b - 5*b - 160. Suppose 80 = 2*f - 5*s - 0*s, -3*f = -5*s - 125. Let m = b + f. What is u(m)?
4
Let j(t) = -5*t**3 - 8*t**2 - 19*t - 181. Let u(s) = s**3 + s + 32. Let m(f) = -j(f) - 6*u(f). Calculate m(9).
25
Let o(s) = -14 - s + 17 + 13. Suppose -2*u + 4*u + 230 = -x, 0 = 4*u + x + 458. Let n be (-6)/7 + u/(-133). Calculate o(n).
16
Suppose 0 = -s + 5 - 10 + 1, g + s = 0. Let o(m) be the third derivative of 0*m - 6*m**2 + 0 - 1/60*m**5 + 1/6*m**3 + 7/24*m**g. Determine o(8).
-7
Let a(b) = 7*b + 108. Let l be a(-15). Let z(v) = 3 - 5*v - 3*v**2 + 9*v**2 - 5*v**2. Determine z(l).
-3
Let p(h) be the first derivative of 11*h**2/2 - 75*h + 716. Give p(7).
2
Let h(s) = -3*s. Suppose -135 = -5*n + g - 6*g, 0 = 3*n + 4*g - 80. Suppose 0*c = -2*c + 4*b - n, c = -2*b + 2. Determine h(c).
18
Let b = 36 - 32. Let u be ((-8)/(-20))/(b/20). Let v(x) = -2*x**2 + 5 + 2 + 5*x + x**3 + 12*x**u + 4*x. Calculate v(-9).
7
Suppose c + 3*c = 5*q - 41, 25 = -3*c - 2*q. Let g(j) = 29*j + 25. Let r(o) = -4*o - 3. Let w(p) = 3*g(p) + 21*r(p). Calculate w(c).
-15
Let t(q) = -21*q - 128. Let j = 5070 + -5075. Calculate t(j).
-23
Suppose -4*l + 4 = -0. Suppose -v - v - 4*z = 38, -5*v - 80 = 5*z. Let h be v/(-52)*12*l. Let r(u) = u**2 - 4*u - 1. Give r(h).
-4
Let f(p) = 4*p - 13. Let y(w) = -w + 20. Let v be y(22). Let a = 1 - v. Determine f(a).
-1
Let o(l) = -l**2 + 6*l - 5. Let r be o(4). Suppose 21*z - 19*z - 4*g = -4, 1 = 2*z - 5*g. Let y be 3 + z - (r + -7). Let f(q) = -q - 3. Calculate f(y).
2
Let s(c) = 23*c**3 - 3*c**2 - 5*c - 2. Let t be (-1 + 4)*140/(-42) + 9. What is s(t)?
-23
Let l = -175 - -189. Let k(u) = 11*u - 10 + 4*u - l*u + 4. Determine k(4).
-2
Let v = -127 - -128. Let a(s) = 215*s**3 + 1 - 2*s + 235*s**3 - 454*s**3 + 2*s**2. Calculate a(v).
-3
Let c(a) be the second derivative of a**5/20 - 13*a**4/6 + 29*a**3/6 - 57*a**2/2 + 2*a - 292. What is c(25)?
43
Let j = -265 - -216. Let o be j/6 + 354/(-36) + 10. Let w(s) = -s**2 - 9*s - 9. Determine w(o).
-1
Let t be 14/18 - (4 - (-684)/(-162)). Let y(h) = 13*h - 2. Calculate y(